1?
1040540
In base 4, what is -11111 - -1201102?
1123331
In base 15, what is -89b - -4?
-897
In base 4, what is 3 + 2331023103?
2331023112
In base 7, what is 16 - 33354?
-33335
In base 11, what is -4a21 - -568?
-4464
In base 5, what is -21 + -124031?
-124102
In base 3, what is 2102 + -2021022120?
-2021020011
In base 15, what is -18d1 + -17c?
-1a5d
In base 13, what is -21 + 63ab2?
63a91
In base 14, what is -30697 + -1d?
-306b6
In base 9, what is 105378 + 3?
105382
In base 12, what is 0 - 1b533?
-1b533
In base 16, what is 1bd1 + -f?
1bc2
In base 5, what is 21 - -3244332?
3244403
In base 9, what is -13042 - 4?
-13046
In base 9, what is -17 + 8768?
8751
In base 3, what is 2120021 - -11200?
2201221
In base 7, what is -335644 + -2?
-335646
In base 11, what is 52317 - -2?
52319
In base 8, what is -16 + 526535?
526517
In base 5, what is 12 - -4132?
4144
In base 7, what is -24 + -5100?
-5124
In base 6, what is -1433543 - 3?
-1433550
In base 11, what is -1a97 - 757?
-2743
In base 14, what is 2 + 6283?
6285
In base 8, what is -307 + -120?
-427
In base 9, what is 1825 - -88?
2024
In base 8, what is -2523501 - -2?
-2523477
In base 6, what is -3043 + 20400?
13313
In base 11, what is -284a3 + 4?
-2849a
In base 14, what is -4 + 61b?
617
In base 7, what is 235343 + 4?
235350
In base 5, what is 1102224 + -3?
1102221
In base 7, what is 2321132 - -5?
2321140
In base 14, what is 0 - 16baa0?
-16baa0
In base 5, what is 1 + -11232441?
-11232440
In base 9, what is -61407 - 10?
-61417
In base 7, what is 35 + 13033?
13101
In base 14, what is -8 - 3987?
-3991
In base 10, what is -123613 + -2?
-123615
In base 16, what is -a7e52 + 2?
-a7e50
In base 14, what is 193b7 - 4?
193b3
In base 8, what is 5 - -1735736?
1735743
In base 16, what is -2c380 - 4?
-2c384
In base 12, what is 6529 - 3?
6526
In base 11, what is 10385 + 9?
10393
In base 16, what is 7 - -e4f?
e56
In base 2, what is 1101001011000000100000 - 1?
1101001011000000011111
In base 10, what is -60540 - -2?
-60538
In base 3, what is 210102201111 - 21?
210102201020
In base 11, what is 4 - 6731?
-6728
In base 4, what is 32 + 2203230?
2203322
In base 12, what is 2 - -239748?
23974a
In base 14, what is -6c - -415?
387
In base 10, what is -26 - 2746?
-2772
In base 5, what is 3423 + -143430?
-140002
In base 8, what is -1 - -366642?
366641
In base 15, what is -1e - 57?
-76
In base 10, what is -45 - -658?
613
In base 13, what is -59 + 26c8?
266c
In base 15, what is -1d5 - -5b?
-179
In base 13, what is 3b9c + -c?
3b90
In base 14, what is -339 + 113?
-226
In base 3, what is -202 - 100011121?
-100012100
In base 9, what is 63 - 113?
-40
In base 4, what is 13 - -111211110?
111211123
In base 15, what is 12 + 1226?
1238
In base 11, what is 1a5 + 45?
23a
In base 16, what is 484 + -9?
47b
In base 13, what is 8914 + 5?
8919
In base 11, what is -31 - 794?
-815
In base 11, what is -406a8 + 0?
-406a8
In base 11, what is 788a3 - -2?
788a5
In base 16, what is -d0 + 1e4?
114
In base 9, what is -1830 + 2781?
851
In base 4, what is 21332000 + 3?
21332003
In base 9, what is 20 - -1036?
1056
In base 14, what is 1 - dc2a?
-dc29
In base 9, what is -5575 + 3?
-5572
In base 16, what is 0 + -794?
-794
In base 5, what is 1 + 101214?
101220
In base 4, what is 1031 + 22002?
23033
In base 7, what is 11 - 31061?
-31050
In base 10, what is -4 - -17937?
17933
In base 5, what is -4023003 - -300?
-4022203
In base 8, what is -1207 + 6077?
4670
In base 16, what is -11712 + -6?
-11718
In base 7, what is 2556 + 62?
2651
In base 12, what is 23 + -1695?
-1672
In base 11, what is 193 + -781?
-599
In base 9, what is -4 + 7810?
7805
In base 4, what is 10 + 100321223?
100321233
In base 15, what is -1c8 - -26?
-1a2
In base 14, what is -2cbc - 65?
-2d43
In base 14, what is dc - -5571?
566d
In base 8, what is -7440 + 1?
-7437
In base 8, what is 411062 - -1?
411063
In base 16, what is -4 - -110e5?
110e1
In base 4, what is 11330232301 + -1?
11330232300
In base 13, what is 7151 - -1?
7152
In base 2, what is 101000111 + 110010001?
1011011000
In base 10, what is -72 - -13550?
13478
In base 14, what is -3 + 447c7?
447c4
In base 10, what is 74 - -4693?
4767
In base 14, what is -5 - -9357?
9352
In base 9, what is -2 - -208680?
208677
In base 3, what is -22 - -1111212010000?
1111212002201
In base 9, what is -3 - 1062?
-1065
In base 2, what is -1011011100010111 + -101?
-1011011100011100
In base 8, what is 110 + -6542?
-6432
In base 11, what is 10930 + -5?
10926
In base 12, what is a803 - -4?
a807
In base 10, what is 1368 - -1477?
2845
In base 16, what is 5 - 22c3f?
-22c3a
In base 5, what is 2222220333 + -1?
2222220332
In base 6, what is -2222132 + 5?
-2222123
In base 10, what is -1032 + -4?
-1036
In base 10, what is 221543 - -2?
221545
In base 16, what is b36 + 1a?
b50
In base 15, what is 0 - -c925?
c925
In base 15, what is 290 - -1?
291
In base 9, what is 5 - 155137?
-155132
In base 10, what is -267422 - 4?
-267426
In base 7, what is 24 - 15012?
-14655
In base 14, what is 1c - -369?
387
In base 2, what is 110 - -1011110010?
1011111000
In base 7, what is -1631160 - -3?
-1631154
In base 5, what is 334201 - 44?
334102
In base 16, what is 4 + -f56b?
-f567
In base 3, what is 22102 - -110000?
202102
In base 10, what is 407 + 117?
524
In base 7, what is -123 - -13023?
12600
In base 3, what is -12 - 121220?
-122002
In base 9, what is 13730 + -1?
13728
In base 4, what is -11 + 2320212310?
2320212233
In base 15, what is ab91 - d?
ab83
In base 2, what is -1011001 - 101110?
-10000111
In base 6, what is -124 - -54152?
54024
In base 10, what is 1701852 - 4?
1701848
In base 13, what is -2 - 3b09?
-3b0b
In base 14, what is -9 - -809c?
8093
In base 7, what is 6 - 1145600?
-1145561
In base 13, what is -7b4 + 110?
-6a4
In base 8, what is 5114514 - 4?
5114510
In base 9, what is 63470 + -8?
63461
In base 14, what is -124a + -1b?
-1267
In base 11, what is 2 + 4247?
4249
In base 4, what is 1000130 - -1123?
1001313
In base 11, what is 10755 + -7a?
10686
In base 14, what is 1 - -6b695?
6b696
In base 15, what is -248 - -100?
-148
In base 5, what is -21340 - 22?
-21412
In base 13, what is 10 + 196c95?
196ca5
In base 7, what is -166 - -10234?
10035
In base 13, what is 5a70 + -3?
5a6a
In base 2, what is 1 + -1000111101010100011?
-1000111101010100010
In base 15, what is -9d + 109?
5b
In base 6, what is -5 - -214141?
214132
In base 5, what is 2302320 + 30?
2302400
In base 2, what is -11010010100101101 - 0?
-11010010100101101
In base 5, what is -144 + -10443?
-11142
In base 7, what is 2 - 222513?
-222511
In base 7, what is -40230 - 4?
-40234
In base 2, what is -101111000111 + 1100111?
-101101100000
In base 4, what is 2301213 - -11?
2301230
In base 6, what is 3 + -24313455?
-24313452
In base 11, what is 9 + 2508?
2516
In base 3, what is -121011 - -2121221?
2000210
In base 13, what is -86b - 254?
-ac2
In base 12, what is 30b - 50?
27b
In base 14, what is 15 + -208?
-1d3
In base 16, what is 58a15a + -3?
58a157
In base 2, what is -10101001001 - -10011000100?
-10000101
In base 2, what is 11 + 110111101000?
110111101011
In base 4, what is 20031110203 + 3?
20031110212
In base 9, what is -234730 - 16?
-234746
In base 6, what is -121344 - -35?
-121305
In base 16, what is -8e - -11a?
8c
In base 6, what is -52001315 + -1?
-52001320
In base 13, what is 5893 + a?
58a0
In base 8, what is -103 - -142330?
142225
In base 10, what is -322 + -600?
-922
In base 6, what is -3 + -1241443?
-1241450
In base 4, what is -1102 - 233102?
-300210
In base 11, what is -2 + -30703?
-30705
In base 13, what is 81 - -1ba3?
1c54
In base 9, what is 4 - 576438?
-576434
In base 14, what is 2 + 70773?
70775
In base 7, what is 462602 - 3?
462566
In base 6, what is -533415 + -4?
-533423
In base 13, what is -42 - -52?
10
In base 15, what is 11c + 14?
131
In base 2, what is -111001100001011 - 0?
-111001100001011
In base 2, what is -111 + 1101011111010010100?
1101011111010001101
In base 11, what is 3 - -3aa41?
3aa44
In base 14, what is -5 - 567a7?
-567ac
In base 14, what is -5 - -6251?
624a
In base 10, what is 583653 - 4?
583649
In base 9, what is -781363 + 3?
-781360
In base 6, what is 224 + -21352?
-21124
In base 8, what is -23 - 116116?
-116141
In base 13, what is 16113 + -2?
16111
In base 10, what is 3 - 72259?
-72256
In base 12, what is -5 - -44b0?